{"id":2190,"date":"2023-11-23T17:32:19","date_gmt":"2023-11-23T16:32:19","guid":{"rendered":"https:\/\/briffaut-import.com\/?post_type=product&#038;p=2190"},"modified":"2023-11-23T17:32:45","modified_gmt":"2023-11-23T16:32:45","slug":"mercedes-benz-classe-a-iv-200-amg-line-7g-dct-163-cv-2019","status":"publish","type":"product","link":"https:\/\/briffaut-import.com\/index.php\/produit\/mercedes-benz-classe-a-iv-200-amg-line-7g-dct-163-cv-2019\/","title":{"rendered":"Mercedes Benz Classe A (IV) 200 AMG Line 7G-DCT 163 cv  \/2019"},"content":{"rendered":"<div class=\"x11i5rnm xat24cr x1mh8g0r x1vvkbs xtlvy1s x126k92a\">\n<div dir=\"auto\">Mercedes Benz Classe A (IV) 200 AMG Line 7G-DCT 163 cv<\/div>\n<div dir=\"auto\">\/2019 avec 35230 kms certifi\u00e9<\/div>\n<div dir=\"auto\">Garantie 12 mois<\/div>\n<\/div>\n<div class=\"x11i5rnm xat24cr x1mh8g0r x1vvkbs xtlvy1s x126k92a\">\n<div dir=\"auto\">Jolie configuration :<\/div>\n<\/div>\n<div class=\"x11i5rnm xat24cr x1mh8g0r x1vvkbs xtlvy1s x126k92a\">\n<div dir=\"auto\">-Pack Premium Plus<\/div>\n<div dir=\"auto\">*Toit ouvrant Panoramique<\/div>\n<div dir=\"auto\">*Si\u00e8ges chauffants<\/div>\n<div dir=\"auto\">*Si\u00e8ges \u00e9lectriques \u00e0 m\u00e9moires<\/div>\n<div dir=\"auto\">*Projecteurs Multibeam<\/div>\n<div dir=\"auto\">*Eclairage d&#8217;ambiance<\/div>\n<div dir=\"auto\">*Key less go ( syst\u00e8me acc\u00e8s et d\u00e9marrage sans cl\u00e9s )<\/div>\n<div dir=\"auto\">*Ecran 10&#8243;<\/div>\n<div dir=\"auto\">-Pack Sport Black<\/div>\n<div dir=\"auto\">-Int\u00e9gration Smartphone ( Apple Car Play\/ Android Auto )<\/div>\n<div dir=\"auto\">-Peinture m\u00e9tallis\u00e9e<\/div>\n<\/div>\n<div class=\"x11i5rnm xat24cr x1mh8g0r x1vvkbs xtlvy1s x126k92a\">\n<div dir=\"auto\">Garantie :24 mois<\/div>\n<\/div>\n<div class=\"x11i5rnm xat24cr x1mh8g0r x1vvkbs xtlvy1s x126k92a\">\n<div dir=\"auto\">PAYABLE COMPTANT D\u2019UN COUP<\/div>\n<div dir=\"auto\"><a class=\"x1i10hfl xjbqb8w x6umtig x1b1mbwd xaqea5y xav7gou x9f619 x1ypdohk xt0psk2 xe8uvvx xdj266r x11i5rnm xat24cr x1mh8g0r xexx8yu x4uap5 x18d9i69 xkhd6sd x16tdsg8 x1hl2dhg xggy1nq x1a2a7pz xt0b8zv x1qq9wsj xo1l8bm\" tabindex=\"0\" role=\"link\" href=\"https:\/\/web.facebook.com\/hashtag\/ou?__eep__=6&amp;__cft__[0]=AZVg4G-N_ATTPRy0JP9y3VvbVs-qRPsMci1tsEsKHBagyjn9NzLiGtGcDgeBKW6fG-KprdV3ERe-9OSsy0S9_HtbRIRmklTPt6XOB87yMQBBpzQakWqaxxIDREjOLa9bqAu2f-CT6QykYQ-DxvAlhH6Z-QfXRUwqL12yxWK2jtXd8RlOLGBpQDham01aE3aQwGY&amp;__tn__=*NK-R\">#OU<\/a> EN PLUSIEURS FOIS .<\/div>\n<\/div>\n<div class=\"x11i5rnm xat24cr x1mh8g0r x1vvkbs xtlvy1s x126k92a\">\n<div dir=\"auto\"><a class=\"x1i10hfl xjbqb8w x6umtig x1b1mbwd xaqea5y xav7gou x9f619 x1ypdohk xt0psk2 xe8uvvx xdj266r x11i5rnm xat24cr x1mh8g0r xexx8yu x4uap5 x18d9i69 xkhd6sd x16tdsg8 x1hl2dhg xggy1nq x1a2a7pz xt0b8zv x1qq9wsj xo1l8bm\" tabindex=\"0\" role=\"link\" href=\"https:\/\/web.facebook.com\/hashtag\/pour?__eep__=6&amp;__cft__[0]=AZVg4G-N_ATTPRy0JP9y3VvbVs-qRPsMci1tsEsKHBagyjn9NzLiGtGcDgeBKW6fG-KprdV3ERe-9OSsy0S9_HtbRIRmklTPt6XOB87yMQBBpzQakWqaxxIDREjOLa9bqAu2f-CT6QykYQ-DxvAlhH6Z-QfXRUwqL12yxWK2jtXd8RlOLGBpQDham01aE3aQwGY&amp;__tn__=*NK-R\">#Pour<\/a> commander , Veuillez nous faire parvenir l\u2019annonce ou la photo de la voiture en messagerie priv\u00e9e.<\/div>\n<\/div>\n<div class=\"x11i5rnm xat24cr x1mh8g0r x1vvkbs xtlvy1s x126k92a\">\n<div dir=\"auto\">IMPORTATION ALLEMANDE, v\u00e9hicule sous garantie Allemagne( valable en France et Belgique )<\/div>\n<div dir=\"auto\">Tous nos v\u00e9hicules sont garantis en concession entre 12-48mois avec possibilit\u00e9 d\u2019extension .<\/div>\n<div dir=\"auto\">On s\u2019occupe de tous les documents ci-bas avec la plaques ( compris dans le prix ) .<\/div>\n<div dir=\"auto\">\u2014CARTE GRISE OFFICIELLE (Plaque d\u2019immatriculation d\u00e9finitive )<\/div>\n<div dir=\"auto\">\u2013 CARNET D\u2019ENTRETIEN( constructeur)<\/div>\n<div dir=\"auto\">\u2013 CERTIFICAT DE KILOM\u00c9TRAGE<\/div>\n<\/div>\n<div class=\"x11i5rnm xat24cr x1mh8g0r x1vvkbs xtlvy1s x126k92a\">\n<div dir=\"auto\">Nos v\u00e9hicules sont livr\u00e9 avec carte grise et la plaque d\u2019immatriculation de votre pays d\u00e9j\u00e0 l\u00e9galis\u00e9 et Suivi des entretiens avec facture <span class=\"x3nfvp2 x1j61x8r x1fcty0u xdj266r xhhsvwb xat24cr xgzva0m xxymvpz xlup9mm x1kky2od\"><img decoding=\"async\" class=\"xz74otr\" src=\"https:\/\/static.xx.fbcdn.net\/images\/emoji.php\/v9\/t7a\/1\/16\/1f4c1.png\" alt=\"\ud83d\udcc1\" width=\"16\" height=\"16\" \/><\/span><\/div>\n<\/div>\n<div class=\"x11i5rnm xat24cr x1mh8g0r x1vvkbs xtlvy1s x126k92a\">\n<div dir=\"auto\">PS : Une r\u00e9duction de 10% est accord\u00e9e sur les achats comptant \u00e0 la commande<\/div>\n<\/div>\n","protected":false},"excerpt":{"rendered":"<p>Garantie Constructeur, p\u00e9riode d&#8217;essai et r\u00e9tractation. Importation Allemande sur commande<\/p>\n","protected":false},"featured_media":2196,"comment_status":"open","ping_status":"closed","template":"","meta":[],"product_cat":[145],"product_tag":[],"class_list":["post-2190","product","type-product","status-publish","has-post-thumbnail","hentry","product_cat-mercedes"],"_links":{"self":[{"href":"https:\/\/briffaut-import.com\/index.php\/wp-json\/wp\/v2\/product\/2190","targetHints":{"allow":["GET"]}}],"collection":[{"href":"https:\/\/briffaut-import.com\/index.php\/wp-json\/wp\/v2\/product"}],"about":[{"href":"https:\/\/briffaut-import.com\/index.php\/wp-json\/wp\/v2\/types\/product"}],"replies":[{"embeddable":true,"href":"https:\/\/briffaut-import.com\/index.php\/wp-json\/wp\/v2\/comments?post=2190"}],"wp:featuredmedia":[{"embeddable":true,"href":"https:\/\/briffaut-import.com\/index.php\/wp-json\/wp\/v2\/media\/2196"}],"wp:attachment":[{"href":"https:\/\/briffaut-import.com\/index.php\/wp-json\/wp\/v2\/media?parent=2190"}],"wp:term":[{"taxonomy":"product_cat","embeddable":true,"href":"https:\/\/briffaut-import.com\/index.php\/wp-json\/wp\/v2\/product_cat?post=2190"},{"taxonomy":"product_tag","embeddable":true,"href":"https:\/\/briffaut-import.com\/index.php\/wp-json\/wp\/v2\/product_tag?post=2190"}],"curies":[{"name":"wp","href":"https:\/\/api.w.org\/{rel}","templated":true}]}}